actors of 10592485?
5, 2118497
What are the prime factors of 20667224?
2, 89, 29027
What are the prime factors of 6954639?
3, 277, 8369
List the prime factors of 21253.
53, 401
What are the prime factors of 6008267?
23, 261229
List the prime factors of 400417.
400417
What are the prime factors of 1961227?
271, 7237
List the prime factors of 1769850.
2, 3, 5, 19, 23
List the prime factors of 37631.
11, 311
What are the prime factors of 1791082?
2, 53, 61, 277
List the prime factors of 3232843.
71, 45533
What are the prime factors of 26075056?
2, 7, 79, 421
List the prime factors of 233176.
2, 29147
List the prime factors of 193101.
3, 191, 337
List the prime factors of 24112.
2, 11, 137
List the prime factors of 915891.
3, 305297
List the prime factors of 9896.
2, 1237
What are the prime factors of 132857?
132857
List the prime factors of 32795481.
3, 10931827
List the prime factors of 11596239.
3, 1091, 1181
What are the prime factors of 15332108?
2, 11, 348457
What are the prime factors of 1451860?
2, 5, 229, 317
List the prime factors of 1116797.
11, 101527
List the prime factors of 14355049.
2381, 6029
List the prime factors of 668725.
5, 23, 1163
What are the prime factors of 195289?
179, 1091
What are the prime factors of 282185?
5, 56437
What are the prime factors of 379587?
3, 13, 9733
List the prime factors of 536929.
536929
List the prime factors of 1859753.
7, 379, 701
What are the prime factors of 956664?
2, 3, 43, 103
List the prime factors of 13215.
3, 5, 881
List the prime factors of 1092449.
61, 17909
List the prime factors of 10530789.
3, 271, 12953
List the prime factors of 262815.
3, 5, 7, 2503
What are the prime factors of 314044?
2, 78511
List the prime factors of 3990671.
89, 44839
List the prime factors of 1193451.
3, 7, 17, 3343
List the prime factors of 96504.
2, 3, 4021
List the prime factors of 101209.
101209
List the prime factors of 11021215.
5, 2204243
What are the prime factors of 9034278?
2, 3, 11, 136883
List the prime factors of 103862.
2, 11, 4721
What are the prime factors of 455989?
455989
List the prime factors of 14154136.
2, 151, 11717
List the prime factors of 1632033.
3, 13, 29, 37
What are the prime factors of 234684?
2, 3, 41, 53
What are the prime factors of 366361?
443, 827
List the prime factors of 28140.
2, 3, 5, 7, 67
List the prime factors of 3225814.
2, 71, 22717
List the prime factors of 496690.
2, 5, 49669
List the prime factors of 6748658.
2, 7, 179, 2693
What are the prime factors of 49387?
13, 29, 131
What are the prime factors of 34814?
2, 13, 103
What are the prime factors of 517585?
5, 61, 1697
List the prime factors of 3160097.
73, 593
List the prime factors of 8365757.
19, 440303
List the prime factors of 87177.
3, 29059
What are the prime factors of 1463979?
3, 11, 37, 109
What are the prime factors of 7756276?
2, 11, 409, 431
List the prime factors of 879466.
2, 7, 62819
List the prime factors of 2291567.
2291567
List the prime factors of 689156.
2, 13, 29, 457
What are the prime factors of 67754?
2, 19, 1783
List the prime factors of 2498820.
2, 3, 5, 41647
What are the prime factors of 331885?
5, 66377
What are the prime factors of 2059815?
3, 5, 137321
What are the prime factors of 1633843?
1633843
List the prime factors of 5394592.
2, 7, 24083
What are the prime factors of 159373?
197, 809
List the prime factors of 838486.
2, 11, 38113
List the prime factors of 4876626.
2, 3, 47, 17293
What are the prime factors of 42559048?
2, 7, 151, 719
What are the prime factors of 7234449?
3, 43, 56081
List the prime factors of 10942591.
11, 71, 14011
What are the prime factors of 5330139?
3, 167, 10639
What are the prime factors of 1028393?
1028393
List the prime factors of 124355.
5, 7, 11, 17, 19
List the prime factors of 2349360.
2, 3, 5, 13, 251
What are the prime factors of 34475?
5, 7, 197
What are the prime factors of 106836?
2, 3, 29, 307
List the prime factors of 4069979.
211, 19289
What are the prime factors of 10986?
2, 3, 1831
List the prime factors of 60172.
2, 7, 307
What are the prime factors of 133957?
97, 1381
List the prime factors of 198788.
2, 49697
What are the prime factors of 199772?
2, 49943
List the prime factors of 93382.
2, 46691
What are the prime factors of 383756?
2, 197, 487
List the prime factors of 384612.
2, 3, 32051
List the prime factors of 35132580.
2, 3, 5, 7, 27883
List the prime factors of 300867.
3, 7, 14327
List the prime factors of 155811.
3, 167, 311
What are the prime factors of 70553?
7, 10079
What are the prime factors of 209642?
2, 37, 2833
What are the prime factors of 7393389?
3, 2464463
What are the prime factors of 218670?
2, 3, 5, 37, 197
List the prime factors of 8341525.
5, 23, 89, 163
What are the prime factors of 295480?
2, 5, 83, 89
List the prime factors of 187963.
187963
List the prime factors of 506104.
2, 41, 1543
List the prime factors of 14439051.
3, 11, 13259
What are the prime factors of 522993?
3, 174331
List the prime factors of 25373.
25373
List the prime factors of 978579.
3, 7, 317
List the prime factors of 325552.
2, 20347
What are the prime factors of 477616?
2, 29851
List the prime factors of 5300330.
2, 5, 7, 29, 373
What are the prime factors of 77765?
5, 103, 151
List the prime factors of 1044877.
1044877
List the prime factors of 3099388.
2, 23, 59, 571
List the prime factors of 21361123.
7, 41, 263, 283
List the prime factors of 426046.
2, 213023
List the prime factors of 67126.
2, 33563
List the prime factors of 64362.
2, 3, 17, 631
List the prime factors of 98508.
2, 3, 8209
What are the prime factors of 3548411?
29, 37, 3307
List the prime factors of 916330.
2, 5, 43, 2131
What are the prime factors of 434862?
2, 3, 8053
What are the prime factors of 2842236?
2, 3, 26317
List the prime factors of 21511.
7, 439
What are the prime factors of 180438?
2, 3, 17, 29, 61
What are the prime factors of 24438205?
5, 11, 233, 1907
List the prime factors of 5282381.
13, 347, 1171
List the prime factors of 1461567.
3, 131, 3719
List the prime factors of 2402584.
2, 300323
List the prime factors of 320308.
2, 80077
List the prime factors of 5612276.
2, 23, 53, 1151
What are the prime factors of 670705?
5, 7, 19163
What are the prime factors of 220783?
220783
List the prime factors of 99938.
2, 107, 467
List the prime factors of 16757355.
3, 5, 269, 4153
What are the prime factors of 1430517?
3, 11, 67, 647
List the prime factors of 2918600.
2, 5, 14593
What are the prime factors of 3584046?
2, 3, 19, 149, 211
What are the prime factors of 1826524?
2, 7, 9319
List the prime factors of 1030889.
1030889
What are the prime factors of 119256?
2, 3, 4969
List the prime factors of 264541.
127, 2083
What are the prime factors of 192802?
2, 96401
List the prime factors of 288807.
3, 96269
What are the prime factors of 21067?
21067
What are the prime factors of 3040143?
3, 43, 23567
List the prime factors of 90722.
2, 45361
What are the prime factors of 777195?
3, 5, 19, 101
What are the prime factors of 6376333?
6376333
List the prime factors of 501058.
2, 17, 14737
What are the prime factors of 4395789?
3, 54269
What are the prime factors of 4687136?
2, 71, 2063
What are the prime factors of 300556?
2, 29, 2591
List the prime factors of 12779964.
2, 3, 73, 1621
List the prime factors of 143832.
2, 3, 13, 461
What are the prime factors of 1429011?
3, 83, 1913
List the prime factors of 182937.
3, 17, 211
List the prime factors of 7930.
2, 5, 13, 61
What are the prime factors of 46593?
3, 31, 167
What are the prime factors of 842003?
842003
List the prime factors of 226198.
2, 7, 107, 151
What are the prime factors of 96154?
2, 131, 367
What are the prime factors of 1305363?
3, 89, 4889
List the prime factors of 803643.
3, 19, 23, 613
What are the prime factors of 1002107?
97, 10331
List the prime factors of 1365350.
2, 5, 7, 47, 83
What are the prime factors of 7745736?
2, 3, 67, 4817
List the prime factors of 13049365.
5, 7, 372839
List the prime factors of 8144645.
5, 23, 70823
What are the prime factors of 198460?
2, 5, 9923
List the prime factors of 1062902.
2, 179, 2969
List the prime factors of 4362162.
2, 3, 7, 283, 367
What are the prime factors of 1065195?
3, 5, 23671
What are the prime factors of 764796?
2, 3, 17, 23,